{"id":52,"date":"2013-07-11T08:42:41","date_gmt":"2013-07-11T06:42:41","guid":{"rendered":""},"modified":"2024-11-28T09:25:46","modified_gmt":"2024-11-28T08:25:46","slug":"les-locaux","status":"publish","type":"page","link":"https:\/\/www.info.univ-tours.fr\/diblois\/les-locaux\/","title":{"rendered":"Les locaux"},"content":{"rendered":"<p>Nos locaux se situent derri\u00e8re la Halle aux Grains, place Jean Jaur\u00e8s en face de la biblioth\u00e8que universitaire. Nous les partageons avec l\u2019IUT de Blois et l\u2019Antenne de droit. Nous disposons :<\/p>\n<ul>\n<li>de 6 salles de cours<\/li>\n<li>de 3 salles informatiques \u00e9quip\u00e9es de 50 PC Windows et Linux<\/li>\n<\/ul>\n<div style=\"width: 640px;\" class=\"wp-video\"><video class=\"wp-video-shortcode\" id=\"video-52-1\" width=\"640\" height=\"360\" preload=\"metadata\" controls=\"controls\"><source type=\"video\/mp4\" src=\"https:\/\/www.info.univ-tours.fr\/diblois\/files\/video-locaux.mp4?_=1\" \/><a href=\"https:\/\/www.info.univ-tours.fr\/diblois\/files\/video-locaux.mp4\">https:\/\/www.info.univ-tours.fr\/diblois\/files\/video-locaux.mp4<\/a><\/video><\/div>\n<p>Les salles informatiques en dehors des cours sont en libre-service pour les \u00e9tudiants. Ils b\u00e9n\u00e9ficient de machines r\u00e9centes et puissantes. Les \u00e9tudiants de Master peuvent ainsi traiter de gros volumes de donn\u00e9es \u00e0 l\u2019aide de syst\u00e8mes d\u2019information et de logiciels d\u00e9di\u00e9s \u00e0 l\u2019informatique d\u00e9cisionnelle. Nous sommes aussi \u00e9quip\u00e9s de tablettes Android. Sur l\u2019ensemble du campus, le r\u00e9seau WIFI permet d\u2019acc\u00e9der \u00e0 l\u2019environnement num\u00e9rique de travail.<\/p>\n<div style=\"display: inline-block; vertical-align: middle;\"><img decoding=\"async\" src=\"\/diblois\/files\/diblois_www_locaux_1.jpg\" alt=\"Locaux 1\" \/> <img loading=\"lazy\" decoding=\"async\" class=\"alignnone  wp-image-1865\" src=\"https:\/\/www.info.univ-tours.fr\/diblois\/files\/DSC_0045-300x200.jpg\" alt=\"\" width=\"401\" height=\"267\" srcset=\"https:\/\/www.info.univ-tours.fr\/diblois\/files\/DSC_0045-300x200.jpg 300w, https:\/\/www.info.univ-tours.fr\/diblois\/files\/DSC_0045-1024x683.jpg 1024w, https:\/\/www.info.univ-tours.fr\/diblois\/files\/DSC_0045-1536x1024.jpg 1536w, https:\/\/www.info.univ-tours.fr\/diblois\/files\/DSC_0045-2048x1365.jpg 2048w\" sizes=\"auto, (max-width: 401px) 100vw, 401px\" \/> <img loading=\"lazy\" decoding=\"async\" class=\"alignnone  wp-image-1866\" src=\"https:\/\/www.info.univ-tours.fr\/diblois\/files\/DSC_0132-300x200.jpg\" alt=\"\" width=\"401\" height=\"267\" srcset=\"https:\/\/www.info.univ-tours.fr\/diblois\/files\/DSC_0132-300x200.jpg 300w, https:\/\/www.info.univ-tours.fr\/diblois\/files\/DSC_0132-1024x683.jpg 1024w, https:\/\/www.info.univ-tours.fr\/diblois\/files\/DSC_0132-1536x1024.jpg 1536w, https:\/\/www.info.univ-tours.fr\/diblois\/files\/DSC_0132-2048x1365.jpg 2048w\" sizes=\"auto, (max-width: 401px) 100vw, 401px\" \/> <img loading=\"lazy\" decoding=\"async\" class=\"alignnone  wp-image-1867\" src=\"https:\/\/www.info.univ-tours.fr\/diblois\/files\/DSC_0134-300x200.jpg\" alt=\"\" width=\"401\" height=\"267\" srcset=\"https:\/\/www.info.univ-tours.fr\/diblois\/files\/DSC_0134-300x200.jpg 300w, https:\/\/www.info.univ-tours.fr\/diblois\/files\/DSC_0134-1024x683.jpg 1024w, https:\/\/www.info.univ-tours.fr\/diblois\/files\/DSC_0134-1536x1024.jpg 1536w, https:\/\/www.info.univ-tours.fr\/diblois\/files\/DSC_0134-2048x1365.jpg 2048w\" sizes=\"auto, (max-width: 401px) 100vw, 401px\" \/><\/div>\n","protected":false},"excerpt":{"rendered":"<p>Nos locaux se situent derri\u00e8re la Halle aux Grains, place Jean Jaur\u00e8s en face de la biblioth\u00e8que universitaire. Nous les partageons avec l\u2019IUT de Blois et l\u2019Antenne de droit. Nous disposons : de 6 salles de cours de 3 salles informatiques \u00e9quip\u00e9es de 50 PC Windows et Linux Les salles informatiques en dehors des cours sont en libre-service pour les \u00e9tudiants. Ils b\u00e9n\u00e9ficient de machines r\u00e9centes et puissantes. Les \u00e9tudiants de Master peuvent ainsi traiter de gros volumes de donn\u00e9es&#8230;<\/p>\n<p class=\"read-more\"><a class=\"btn btn-default\" href=\"https:\/\/www.info.univ-tours.fr\/diblois\/les-locaux\/\"> Read More<span class=\"screen-reader-text\">  Read More<\/span><\/a><\/p>\n","protected":false},"author":1,"featured_media":0,"parent":0,"menu_order":0,"comment_status":"closed","ping_status":"closed","template":"","meta":{"footnotes":""},"class_list":["post-52","page","type-page","status-publish","hentry"],"_links":{"self":[{"href":"https:\/\/www.info.univ-tours.fr\/diblois\/wp-json\/wp\/v2\/pages\/52","targetHints":{"allow":["GET"]}}],"collection":[{"href":"https:\/\/www.info.univ-tours.fr\/diblois\/wp-json\/wp\/v2\/pages"}],"about":[{"href":"https:\/\/www.info.univ-tours.fr\/diblois\/wp-json\/wp\/v2\/types\/page"}],"author":[{"embeddable":true,"href":"https:\/\/www.info.univ-tours.fr\/diblois\/wp-json\/wp\/v2\/users\/1"}],"replies":[{"embeddable":true,"href":"https:\/\/www.info.univ-tours.fr\/diblois\/wp-json\/wp\/v2\/comments?post=52"}],"version-history":[{"count":5,"href":"https:\/\/www.info.univ-tours.fr\/diblois\/wp-json\/wp\/v2\/pages\/52\/revisions"}],"predecessor-version":[{"id":1909,"href":"https:\/\/www.info.univ-tours.fr\/diblois\/wp-json\/wp\/v2\/pages\/52\/revisions\/1909"}],"wp:attachment":[{"href":"https:\/\/www.info.univ-tours.fr\/diblois\/wp-json\/wp\/v2\/media?parent=52"}],"curies":[{"name":"wp","href":"https:\/\/api.w.org\/{rel}","templated":true}]}}