{"id":48,"date":"2013-06-18T09:41:51","date_gmt":"2013-06-18T07:41:51","guid":{"rendered":""},"modified":"2016-06-07T16:19:44","modified_gmt":"2016-06-07T14:19:44","slug":"arnaud-lefevre","status":"publish","type":"page","link":"https:\/\/www.info.univ-tours.fr\/diblois\/arnaud-lefevre\/","title":{"rendered":"Arnaud Lef\u00e8vre"},"content":{"rendered":"<div class=\"img\" style=\"float: right; margin: 0 0 10px 10px;\"><img loading=\"lazy\" decoding=\"async\" class=\"alignright wp-image-303 size-full\" src=\"\/diblois\/files\/former\/diblois_www_arnaud_lefevre.jpg\" alt=\"Arnaud Lef\u00e8vre\" width=\"200\" height=\"200\" \/><\/div>\n<p>Costume gris, chemise bleue, avec ses 25 printemps, Arnaud rayonne. Son premier job, qu&rsquo;il occupe depuis septembre, rime avec autonomie et retour au pays. \u00c0 Tours, pour tout dire, d\u2019o\u00f9 il est originaire. Son master SIAD (syst\u00e8me d\u2019information et aide \u00e0 la d\u00e9cision) a \u00e9t\u00e9 le passeport pour d\u00e9crocher cet emploi d\u2019ing\u00e9nieur au sein de la soci\u00e9t\u00e9 UMANIS, \u00e0 Saint-Avertin. \u00ab\u00c0 l\u2019issue de mon stage de fin d\u2019\u00e9tudes, il m\u2019a \u00e9t\u00e9 propos\u00e9 un CDI. Cette proposition m\u2019a confort\u00e9 dans l\u2019id\u00e9e que mon choix d\u2019entr\u00e9e \u00e0 la fac \u00e9tait le bon.\u00bb<br \/>\nLa fac d\u2019abord \u00e0 Tours puis \u00e0 Blois, au P\u00f4le informatique, une voie qui n\u2019\u00e9tait pas toute dessin\u00e9e pour le jeune homme au moment o\u00f9 il a d\u00e9croch\u00e9 son bac S. \u00abApr\u00e8s le bac, j\u2019ai \u00e9t\u00e9 accept\u00e9 \u00e0 une pr\u00e9pa maths sup au lyc\u00e9e Vaucanson, \u00e0 Tours. J\u2019y suis rest\u00e9 tr\u00e8s peu de temps. En fait, je pense qu\u2019il faut \u00eatre un peu fou pour supporter la pression dans ce type d\u2019\u00e9tablissement. En ce qui me concerne, l\u2019ambiance n\u2019\u00e9tait pas motivante. Je ne sais pas si cela a \u00e9t\u00e9 une erreur et si cela m\u2019a ferm\u00e9 ou non des portes. Quoi qu&rsquo;il en soit, c\u2019est sans regret que je me suis dirig\u00e9 vers la fac de sciences et techniques.\u00bb<\/p>\n<h3>Bien arm\u00e9 techniquement<\/h3>\n<p>De la fac, Arnaud dit : \u00ab il faut arr\u00eater avec les clich\u00e9s. Pour r\u00e9ussir, il faut travailler. \u00bb Et c&rsquo;est exactement ce qu&rsquo;il a fait. C&rsquo;est ainsi qu&rsquo;il a trouv\u00e9 sa voie, celle qui devait l\u2019emmener vers l\u2019emploi qu\u2019il occupe aujourd\u2019hui. \u00ab Je n\u2019\u00e9tais pas r\u00e9ellement parti vers l\u2019informatique mais, apr\u00e8s la premi\u00e8re ann\u00e9e o\u00f9, en mati\u00e8res principales, je suivais des cours de maths, physique et informatique, j\u2019ai \u00e9t\u00e9 s\u00e9duit par les m\u00e9tiers de l\u2019informatique. \u00bb Et Arnaud se dit convaincu d&rsquo;\u00eatre bien arm\u00e9 gr\u00e2ce aux connaissances techniques acquises lors de sa formation.<br \/>\nCe qu\u2019il retiendra de son passage au p\u00f4le informatique de Blois : la qualit\u00e9 des intervenants ext\u00e9rieurs, liens indispensables avec la vraie vie, celle de l\u2019entreprise. Des regrets ? Aucun. Des projets ? Avoir, \u00e0 terme, des opportunit\u00e9s d\u2019\u00e9volution de carri\u00e8re comme consultant ou chef de projet. Mais chaque chose en son temps, pour l\u2019heure, Arnaud est un jeune ing\u00e9nieur heureux.<\/p>\n<p>Source : <span style=\"color: #8c8c8c;\">La Nouvelle R\u00e9publique &#8211; Patricia Lange &#8211; 26\/01\/2011<\/span><\/p>\n","protected":false},"excerpt":{"rendered":"<p>Costume gris, chemise bleue, avec ses 25 printemps, Arnaud rayonne. Son premier job, qu&rsquo;il occupe depuis septembre, rime avec autonomie et retour au pays. \u00c0 Tours, pour tout dire, d\u2019o\u00f9 il est originaire. Son master SIAD (syst\u00e8me d\u2019information et aide \u00e0 la d\u00e9cision) a \u00e9t\u00e9 le passeport pour d\u00e9crocher cet emploi d\u2019ing\u00e9nieur au sein de la soci\u00e9t\u00e9 UMANIS, \u00e0 Saint-Avertin. \u00ab\u00c0 l\u2019issue de mon stage de fin d\u2019\u00e9tudes, il m\u2019a \u00e9t\u00e9 propos\u00e9 un CDI. Cette proposition m\u2019a confort\u00e9 dans l\u2019id\u00e9e&#8230;<\/p>\n<p class=\"read-more\"><a class=\"btn btn-default\" href=\"https:\/\/www.info.univ-tours.fr\/diblois\/arnaud-lefevre\/\"> Read More<span class=\"screen-reader-text\">  Read More<\/span><\/a><\/p>\n","protected":false},"author":1,"featured_media":0,"parent":0,"menu_order":0,"comment_status":"closed","ping_status":"closed","template":"","meta":{"footnotes":""},"class_list":["post-48","page","type-page","status-publish","hentry"],"_links":{"self":[{"href":"https:\/\/www.info.univ-tours.fr\/diblois\/wp-json\/wp\/v2\/pages\/48","targetHints":{"allow":["GET"]}}],"collection":[{"href":"https:\/\/www.info.univ-tours.fr\/diblois\/wp-json\/wp\/v2\/pages"}],"about":[{"href":"https:\/\/www.info.univ-tours.fr\/diblois\/wp-json\/wp\/v2\/types\/page"}],"author":[{"embeddable":true,"href":"https:\/\/www.info.univ-tours.fr\/diblois\/wp-json\/wp\/v2\/users\/1"}],"replies":[{"embeddable":true,"href":"https:\/\/www.info.univ-tours.fr\/diblois\/wp-json\/wp\/v2\/comments?post=48"}],"version-history":[{"count":0,"href":"https:\/\/www.info.univ-tours.fr\/diblois\/wp-json\/wp\/v2\/pages\/48\/revisions"}],"wp:attachment":[{"href":"https:\/\/www.info.univ-tours.fr\/diblois\/wp-json\/wp\/v2\/media?parent=48"}],"curies":[{"name":"wp","href":"https:\/\/api.w.org\/{rel}","templated":true}]}}