{"id":41,"date":"2013-06-12T09:53:11","date_gmt":"2013-06-12T07:53:11","guid":{"rendered":""},"modified":"2025-06-26T09:41:14","modified_gmt":"2025-06-26T07:41:14","slug":"recherche","status":"publish","type":"page","link":"https:\/\/www.info.univ-tours.fr\/diblois\/recherche\/","title":{"rendered":"Recherche"},"content":{"rendered":"<p><img loading=\"lazy\" decoding=\"async\" class=\"size-large wp-image-1986 aligncenter\" src=\"https:\/\/www.info.univ-tours.fr\/diblois\/files\/baniere_LIFAT1665x377-1-1024x232.jpg\" alt=\"\" width=\"640\" height=\"145\" srcset=\"https:\/\/www.info.univ-tours.fr\/diblois\/files\/baniere_LIFAT1665x377-1-1024x232.jpg 1024w, https:\/\/www.info.univ-tours.fr\/diblois\/files\/baniere_LIFAT1665x377-1-300x68.jpg 300w, https:\/\/www.info.univ-tours.fr\/diblois\/files\/baniere_LIFAT1665x377-1-1536x348.jpg 1536w, https:\/\/www.info.univ-tours.fr\/diblois\/files\/baniere_LIFAT1665x377-1-604x137.jpg 604w, https:\/\/www.info.univ-tours.fr\/diblois\/files\/baniere_LIFAT1665x377-1.jpg 1665w\" sizes=\"auto, (max-width: 640px) 100vw, 640px\" \/><br \/>\nLes enseignants chercheurs en informatique du d\u00e9partement sont membres de l\u2019\u00e9quipe <a href=\"https:\/\/lifat.univ-tours.fr\/lifat-english-version\/teams\/bdtln\" target=\"_blank\" rel=\"noopener\"> BdTln<\/a> (Bases de donn\u00e9es et traitement des langues naturelles) du <a href=\"https:\/\/lifat.univ-tours.fr\">LIFAT<\/a> (Laboratoire d\u2019Informatique Fondamentale et Appliqu\u00e9e) de l\u2019Universit\u00e9 de Tours.<br \/>\nBdTln a pour th\u00e9matique de recherche la repr\u00e9sentation, la manipulation, la maintenance et l&rsquo;analyse de donn\u00e9es volumineuses. Ces donn\u00e9es sont plus ou moins structur\u00e9es : fortement structur\u00e9es pour les bases de donn\u00e9es relationnelles, semi-structur\u00e9es pour les bases de documents XML et faiblement structur\u00e9es pour les corpus textuels.<\/p>\n<p>Les recherches de l&rsquo;\u00e9quipe BdTln sont structur\u00e9es autour de trois domaines d&rsquo;excellence :<\/p>\n<ul>\n<li>Entrep\u00f4ts et fouille de donn\u00e9e<\/li>\n<li>Services et donn\u00e9es du web<\/li>\n<li>Traitement automatique des langues et interaction<\/li>\n<\/ul>\n<p>Ce lien fort entre enseignement et recherche permet de renouveler constamment nos connaissances dans les domaines de pointe de l\u2019informatique.<\/p>\n<p><a class=\"link-official-website\" href=\"\/diblois\/files\/teacher\/diblois_www_20130522_bdtln_it4bi.pdf\" target=\"_blank\" rel=\"noopener\">Equipe BdTln<\/a> <a class=\"link-official-website\" href=\"http:\/\/li.univ-tours.fr\/\" target=\"_blank\" rel=\"noopener\">Site du Laboratoire<\/a><\/p>\n","protected":false},"excerpt":{"rendered":"<p>Les enseignants chercheurs en informatique du d\u00e9partement sont membres de l\u2019\u00e9quipe BdTln (Bases de donn\u00e9es et traitement des langues naturelles) du LIFAT (Laboratoire d\u2019Informatique Fondamentale et Appliqu\u00e9e) de l\u2019Universit\u00e9 de Tours. BdTln a pour th\u00e9matique de recherche la repr\u00e9sentation, la manipulation, la maintenance et l&rsquo;analyse de donn\u00e9es volumineuses. Ces donn\u00e9es sont plus ou moins structur\u00e9es : fortement structur\u00e9es pour les bases de donn\u00e9es relationnelles, semi-structur\u00e9es pour les bases de documents XML et faiblement structur\u00e9es pour les corpus textuels. Les recherches&#8230;<\/p>\n<p class=\"read-more\"><a class=\"btn btn-default\" href=\"https:\/\/www.info.univ-tours.fr\/diblois\/recherche\/\"> Read More<span class=\"screen-reader-text\">  Read More<\/span><\/a><\/p>\n","protected":false},"author":1,"featured_media":0,"parent":0,"menu_order":0,"comment_status":"closed","ping_status":"closed","template":"","meta":{"footnotes":""},"class_list":["post-41","page","type-page","status-publish","hentry"],"_links":{"self":[{"href":"https:\/\/www.info.univ-tours.fr\/diblois\/wp-json\/wp\/v2\/pages\/41","targetHints":{"allow":["GET"]}}],"collection":[{"href":"https:\/\/www.info.univ-tours.fr\/diblois\/wp-json\/wp\/v2\/pages"}],"about":[{"href":"https:\/\/www.info.univ-tours.fr\/diblois\/wp-json\/wp\/v2\/types\/page"}],"author":[{"embeddable":true,"href":"https:\/\/www.info.univ-tours.fr\/diblois\/wp-json\/wp\/v2\/users\/1"}],"replies":[{"embeddable":true,"href":"https:\/\/www.info.univ-tours.fr\/diblois\/wp-json\/wp\/v2\/comments?post=41"}],"version-history":[{"count":1,"href":"https:\/\/www.info.univ-tours.fr\/diblois\/wp-json\/wp\/v2\/pages\/41\/revisions"}],"predecessor-version":[{"id":1987,"href":"https:\/\/www.info.univ-tours.fr\/diblois\/wp-json\/wp\/v2\/pages\/41\/revisions\/1987"}],"wp:attachment":[{"href":"https:\/\/www.info.univ-tours.fr\/diblois\/wp-json\/wp\/v2\/media?parent=41"}],"curies":[{"name":"wp","href":"https:\/\/api.w.org\/{rel}","templated":true}]}}