{"id":23,"date":"2013-05-24T10:16:55","date_gmt":"2016-05-17T05:31:48","guid":{"rendered":""},"modified":"2025-09-01T15:16:56","modified_gmt":"2025-09-01T13:16:56","slug":"contact","status":"publish","type":"page","link":"https:\/\/www.info.univ-tours.fr\/diblois\/contact\/","title":{"rendered":"Contact"},"content":{"rendered":"<div class=\"title\">\n<h2>Coordonn\u00e9es<\/h2>\n<\/div>\n<p><strong>D\u00e9partement Informatique &#8211; UFR Sciences et Techniques<br \/>\nAntenne Universitaire de Blois<\/strong><br \/>\n3, place Jean Jaur\u00e8s<br \/>\n41000 Blois<\/p>\n<p>(3e Etage)<\/p>\n<p>T\u00e9l\u00e9phone : <strong>02 54 55 21 08<\/strong><\/p>\n<div class=\"title\">\n<h2>Contacts<\/h2>\n<\/div>\n<ul>\n<li>Direction du D\u00e9partement Informatique :\n<ul>\n<li>Beatrice Markhoff &#8211; T\u00e9l\u00e9phone : <strong>02 54 55 21 36<br \/>\n<\/strong><\/li>\n<\/ul>\n<\/li>\n<li>Secr\u00e9tariat de la scolarit\u00e9 :\n<ul>\n<li>Nathalie Mirq &#8211; T\u00e9l\u00e9phone : <strong>02 54 55 21 08<\/strong><\/li>\n<\/ul>\n<\/li>\n<\/ul>\n<div class=\"title\">\n<h2>Direction des \u00c9tudes<\/h2>\n<\/div>\n<ul>\n<li>Responsable de la mention <strong>Master<\/strong> : Thomas Devogele T\u00e9l\u00e9phone : <strong>02 54 55 21 52<\/strong>\n<ul>\n<li>Responsable des Etudes <strong>M1<\/strong> : Ver\u00f3nika Peralta<\/li>\n<li>Responsable des Etudes <strong>M2<\/strong> :\u00a0 Thomas Devogele<\/li>\n<\/ul>\n<\/li>\n<li>Responsable de la mention <strong>Licence<\/strong> : Mohamed Taghelit T\u00e9l\u00e9phone : <strong>02 54 55 21 11<\/strong>\n<ul>\n<li>Responsable des Etudes <strong>L1<\/strong> : Jean-Yves Antoine<\/li>\n<li>Responsable des Etudes <strong>L2<\/strong> : Arnaud Giacometti<\/li>\n<li>Responsable des Etudes <strong>L3<\/strong> : Mohamed Taghelit \/ Alexandre Chanson<\/li>\n<\/ul>\n<\/li>\n<\/ul>\n<div class=\"title\">\n<h2>Formulaire de contact<\/h2>\n<\/div>\n\n<div class=\"wpcf7 no-js\" id=\"wpcf7-f905-o1\" lang=\"fr-FR\" dir=\"ltr\" data-wpcf7-id=\"905\">\n<div class=\"screen-reader-response\"><p role=\"status\" aria-live=\"polite\" aria-atomic=\"true\"><\/p> <ul><\/ul><\/div>\n<form action=\"\/diblois\/wp-json\/wp\/v2\/pages\/23#wpcf7-f905-o1\" method=\"post\" class=\"wpcf7-form init\" aria-label=\"Formulaire de contact\" novalidate=\"novalidate\" data-status=\"init\">\n<fieldset class=\"hidden-fields-container\"><input type=\"hidden\" name=\"_wpcf7\" value=\"905\" \/><input type=\"hidden\" name=\"_wpcf7_version\" value=\"6.1.5\" \/><input type=\"hidden\" name=\"_wpcf7_locale\" value=\"fr_FR\" \/><input type=\"hidden\" name=\"_wpcf7_unit_tag\" value=\"wpcf7-f905-o1\" \/><input type=\"hidden\" name=\"_wpcf7_container_post\" value=\"0\" \/><input type=\"hidden\" name=\"_wpcf7_posted_data_hash\" value=\"\" \/>\n<\/fieldset>\n<p>S\u00e9lectionnez votre destinataire(obligatoire)\n<\/p>\n<p><span class=\"wpcf7-form-control-wrap\" data-name=\"your-recipient\"><select class=\"wpcf7-form-control wpcf7-select wpcf7-validates-as-required\" aria-required=\"true\" aria-invalid=\"false\" name=\"your-recipient\"><option value=\"Secretariat des Etudes\">Secretariat des Etudes<\/option><option value=\"Directeur du D.I. de Blois\">Directeur du D.I. de Blois<\/option><option value=\"Thomas Devogele\">Thomas Devogele<\/option><option value=\"Arnaud Giacometti\">Arnaud Giacometti<\/option><option value=\"Arnaud Soulet\">Arnaud Soulet<\/option><option value=\"Beatrice Markhoff\">Beatrice Markhoff<\/option><option value=\"Dominique Li\">Dominique Li<\/option><option value=\"Jean-Yves Antoine\">Jean-Yves Antoine<\/option><option value=\"Mohamed Taghelit\">Mohamed Taghelit<\/option><option value=\"Veronika Peralta\">Veronika Peralta<\/option><option value=\"Alexandre Chanson\">Alexandre Chanson<\/option><option value=\"Webmaster\">Webmaster<\/option><\/select><\/span>\n<\/p>\n<p>Votre nom (obligatoire)<br \/>\n<span class=\"wpcf7-form-control-wrap\" data-name=\"your-name\"><input size=\"40\" maxlength=\"400\" class=\"wpcf7-form-control wpcf7-text wpcf7-validates-as-required\" aria-required=\"true\" aria-invalid=\"false\" value=\"\" type=\"text\" name=\"your-name\" \/><\/span>\n<\/p>\n<p>Votre email (obligatoire)<br \/>\n<span class=\"wpcf7-form-control-wrap\" data-name=\"your-email\"><input size=\"40\" maxlength=\"400\" class=\"wpcf7-form-control wpcf7-email wpcf7-validates-as-required wpcf7-text wpcf7-validates-as-email\" aria-required=\"true\" aria-invalid=\"false\" value=\"\" type=\"email\" name=\"your-email\" \/><\/span>\n<\/p>\n<p>Sujet<br \/>\n<span class=\"wpcf7-form-control-wrap\" data-name=\"your-subject\"><input size=\"40\" maxlength=\"400\" class=\"wpcf7-form-control wpcf7-text wpcf7-validates-as-required\" aria-required=\"true\" aria-invalid=\"false\" value=\"\" type=\"text\" name=\"your-subject\" \/><\/span>\n<\/p>\n<p>Votre message<br \/>\n<span class=\"wpcf7-form-control-wrap\" data-name=\"your-message\"><textarea cols=\"40\" rows=\"10\" maxlength=\"2000\" class=\"wpcf7-form-control wpcf7-textarea\" aria-invalid=\"false\" name=\"your-message\"><\/textarea><\/span>\n<\/p>\n<p><input class=\"wpcf7-form-control wpcf7-submit has-spinner\" type=\"submit\" value=\"Envoyer\" \/>\n<\/p><div class=\"wpcf7-response-output\" aria-hidden=\"true\"><\/div>\n<\/form>\n<\/div>\n\n","protected":false},"excerpt":{"rendered":"<p>Coordonn\u00e9es D\u00e9partement Informatique &#8211; UFR Sciences et Techniques Antenne Universitaire de Blois 3, place Jean Jaur\u00e8s 41000 Blois (3e Etage) T\u00e9l\u00e9phone : 02 54 55 21 08 Contacts Direction du D\u00e9partement Informatique : Beatrice Markhoff &#8211; T\u00e9l\u00e9phone : 02 54 55 21 36 Secr\u00e9tariat de la scolarit\u00e9 : Nathalie Mirq &#8211; T\u00e9l\u00e9phone : 02 54 55 21 08 Direction des \u00c9tudes Responsable de la mention Master : Thomas Devogele T\u00e9l\u00e9phone : 02 54 55 21 52 Responsable des Etudes M1&#8230;<\/p>\n<p class=\"read-more\"><a class=\"btn btn-default\" href=\"https:\/\/www.info.univ-tours.fr\/diblois\/contact\/\"> Read More<span class=\"screen-reader-text\">  Read More<\/span><\/a><\/p>\n","protected":false},"author":3,"featured_media":0,"parent":0,"menu_order":0,"comment_status":"closed","ping_status":"open","template":"","meta":{"footnotes":""},"class_list":["post-23","page","type-page","status-publish","hentry"],"_links":{"self":[{"href":"https:\/\/www.info.univ-tours.fr\/diblois\/wp-json\/wp\/v2\/pages\/23","targetHints":{"allow":["GET"]}}],"collection":[{"href":"https:\/\/www.info.univ-tours.fr\/diblois\/wp-json\/wp\/v2\/pages"}],"about":[{"href":"https:\/\/www.info.univ-tours.fr\/diblois\/wp-json\/wp\/v2\/types\/page"}],"author":[{"embeddable":true,"href":"https:\/\/www.info.univ-tours.fr\/diblois\/wp-json\/wp\/v2\/users\/3"}],"replies":[{"embeddable":true,"href":"https:\/\/www.info.univ-tours.fr\/diblois\/wp-json\/wp\/v2\/comments?post=23"}],"version-history":[{"count":10,"href":"https:\/\/www.info.univ-tours.fr\/diblois\/wp-json\/wp\/v2\/pages\/23\/revisions"}],"predecessor-version":[{"id":1997,"href":"https:\/\/www.info.univ-tours.fr\/diblois\/wp-json\/wp\/v2\/pages\/23\/revisions\/1997"}],"wp:attachment":[{"href":"https:\/\/www.info.univ-tours.fr\/diblois\/wp-json\/wp\/v2\/media?parent=23"}],"curies":[{"name":"wp","href":"https:\/\/api.w.org\/{rel}","templated":true}]}}