{"id":1185,"date":"2017-03-28T11:07:09","date_gmt":"2017-03-28T09:07:09","guid":{"rendered":"http:\/\/www.info.univ-tours.fr\/diblois\/?page_id=1185"},"modified":"2024-02-12T17:29:13","modified_gmt":"2024-02-12T16:29:13","slug":"master-bdma","status":"publish","type":"page","link":"https:\/\/www.info.univ-tours.fr\/diblois\/master-bdma\/","title":{"rendered":"Master BDMA"},"content":{"rendered":"<div id=\"block-left\">\n<p>attention, ce master est remplac\u00e9 en septembre 2024, par le master <a href=\"https:\/\/www.info.univ-tours.fr\/diblois\/master\/\">Data Sciences For Societal Challenges<\/a><\/p>\n<h2>Description de l&rsquo;ancien master<\/h2>\n<p>Le Master Big Data Management and Analytics, est un programme unique qui recouvre tous les aspects du Big Data, en se basant sur les acquis de l\u2019informatique d\u00e9cisionelle et coupl\u00e9 \u00e0 une approche \u00e9thique indispensable \u00e0 la formation de professionnels et de chercheurs. Fort de plusieurs partenariats \u00e0 l&rsquo;\u00e9tranger, il offre une formation in\u00e9dite, \u00e0 vocation internationale.<\/p>\n<div class=\"title\">\n<h2>Des experts pour extraire et organiser la connaissance issue des donn\u00e9es massives<\/h2>\n<\/div>\n<p>De nos jours, les organisations publiques et priv\u00e9es font face \u00e0 un afflux massif de donn\u00e9es. Ces donn\u00e9es ne deviennent des connaissances que gr\u00e2ce au tri et aux traitements op\u00e9r\u00e9s par le professionnel, \u00e0 la crois\u00e9e de<br \/>\nl\u2019informatique et des math\u00e9matiques appliqu\u00e9es.<\/p>\n<p>La sp\u00e9cialit\u00e9 BDMA est con\u00e7ue pour apporter les connaissances, savoir-faire et comp\u00e9tences dans ces secteurs particuliers de l\u2019informatique n\u00e9cessaires aux d\u00e9cideurs.<\/p>\n<p>Le Master d\u00e9livre un dipl\u00f4me Bac+5 d\u00e9di\u00e9 au Big Data et \u00e0 l\u2019informatique d\u00e9cisionnelle, th\u00e9matiques couvrant un domaine scientifique et technique large, impliquant des comp\u00e9tences en programmation (map\/reduce, cloud computing), en gestion des donn\u00e9es, en fouille de donn\u00e9es et statistiques.<\/p>\n<p>La deuxi\u00e8me ann\u00e9e de Master encourage les \u00e9changes d&rsquo;\u00e9tudiants avec l&rsquo;\u00e9tranger et l&rsquo;ensemble des cours ont des supports en anglais, ce qui donne au dipl\u00f4me une dimension internationale.<\/p>\n<p>L\u2019entr\u00e9e dans le master BDMA requiert un parcours pr\u00e9alable en Informatique D\u00e9cisionnelle, ainsi qu\u2019un niveau d\u2019anglais B2 valid\u00e9 par un certificat reconnu \u00e0 l\u2019\u00e9chelle europ\u00e9enne.<\/p>\n<div class=\"title\">\n<h2>Une formation en partenariat avec le monde professionnel et la recherche<\/h2>\n<\/div>\n<p>Une part significative des enseignements (15 % en moyenne) est assur\u00e9e par des professionnels de l\u2019informatique issus de grandes entreprises comme de PME locales : Atos, Umanis, Apside, Neolink&#8230;<\/p>\n<p>Fort de cet ancrage local, le master BDMA b\u00e9n\u00e9ficie aussi d\u2019un r\u00e9seau de partenaires forts dans le milieu de la recherche, en France aussi bien qu\u2019en Europe.<\/p>\n<p>Les aspects professionnels sont abord\u00e9s au travers :<\/p>\n<ul>\n<li>d&rsquo;enseignements d&rsquo;anglais de 30 heures par semestre en M1, devant favoriser leur mobilit\u00e9 au niveau international. La deuxi\u00e8me ann\u00e9;e de Master se fait int\u00e9gralement en Anglais.<\/li>\n<li>d&rsquo;enseignements li\u00e9s \u00e0 l&rsquo;organisation des entreprises (management de projet, droit et gestion, \u00e9thique &#8230;)<\/li>\n<li>d&rsquo;un stage en entreprise de 6 mois en M2<\/li>\n<\/ul>\n<div class=\"title\">\n<h2>Un adossement \u00e0 la recherche<\/h2>\n<\/div>\n<p>L&rsquo;informatique d\u00e9cisionnelle est la sp\u00e9cialit\u00e9 des enseignants chercheurs du D\u00e9partement Informatique de Blois, dont les th\u00e8mes de recherche sont directement li\u00e9s aux programmes (entrep\u00f4ts de donn\u00e9es, fouille de donn\u00e9es, technologies du Web).<\/p>\n<\/div>\n<div id=\"block-right\">\n<div class=\"director\">Responsable de la mention Master<br \/>\n<a href=\"\/diblois\/fr\/contact\/\">Nicolas Labroche<\/a><\/div>\n<h4>Les points cl\u00e9s<\/h4>\n<div class=\"sub-paragraph\">\n<ul>\n<li>Master indiff\u00e9renci\u00e9<\/li>\n<li>Formation s\u00e9lective<\/li>\n<li>Master enseign\u00e9 int\u00e9gralement en anglais en M2<\/li>\n<li><a href=\"\/diblois\/stages\/\">Stage de 6 mois<\/a> en entreprise ou en laboratoire de recherche<\/li>\n<li>S\u00e9minaires anim\u00e9s par des industriels ou des chercheurs, initiation \u00e0 la recherche<\/li>\n<\/ul>\n<\/div>\n<h4>Programme &amp; Candidature<\/h4>\n<div class=\"sub-paragraph\">\n<ul>\n<li>Master 1\n<ul>\n<li><a href=\"\/diblois\/files\/20200214_0001_utfr_diblois_www_pictures_tableau_M1_BDMA.png\">Programme<\/a><\/li>\n<li><a href=\"\/diblois\/fr\/candidature-m1-bdma\/\">Candidature<\/a><\/li>\n<\/ul>\n<\/li>\n<li>Master 2\n<ul>\n<li><a href=\"\/diblois\/files\/20200214_0001_utfr_diblois_www_pictures_tableau_M2_BDMA.png\">Programme<\/a><\/li>\n<li><a href=\"\/diblois\/fr\/candidature-m2-bdma\/\">Candidature<\/a><\/li>\n<\/ul>\n<\/li>\n<\/ul>\n<p>Merci de noter que,\u00a0au vu du nombre de demandes en Master, <strong>il ne sera pas donn\u00e9 d&rsquo;avis par email sur les candidatures<\/strong>.<\/p>\n<\/div>\n<h4>Les d\u00e9bouch\u00e9s<\/h4>\n<div class=\"sub-paragraph\">Data Miner\/Scientist<br \/>\nConsultant informatique d\u00e9cisionnelle<br \/>\nConsultant Big Data<br \/>\nIng\u00e9nieur d\u00e9veloppement<br \/>\nIng\u00e9nieur des syst\u00e8mes informatiques<br \/>\nAdministrateur de Bases de Donn\u00e9es<\/p>\n<ul>\n<li>Poursuite d&rsquo;\u00e9tude en doctorat<\/li>\n<li>Salaire brut moyen 30 500 euros par ans<\/li>\n<\/ul>\n<\/div>\n<h4>Informations compl\u00e9mentaires<\/h4>\n<div class=\"sub-paragraph\">\n<ul>\n<li><a href=\"\/diblois\/files\/pdfs\/utfr_diblois_www_etu_formation_Livret_Master_BDMA_2019_2020vr.pdf\" target=\"_blank\" rel=\"noopener noreferrer\">Livret de l&rsquo;\u00e9tudiant<\/a> (Master BDMA)<\/li>\n<\/ul>\n<\/div>\n<\/div>\n","protected":false},"excerpt":{"rendered":"<p>Big Data Management and Analytics<\/p>\n","protected":false},"author":3,"featured_media":0,"parent":0,"menu_order":0,"comment_status":"closed","ping_status":"closed","template":"","meta":{"footnotes":""},"class_list":["post-1185","page","type-page","status-publish","hentry"],"_links":{"self":[{"href":"https:\/\/www.info.univ-tours.fr\/diblois\/wp-json\/wp\/v2\/pages\/1185","targetHints":{"allow":["GET"]}}],"collection":[{"href":"https:\/\/www.info.univ-tours.fr\/diblois\/wp-json\/wp\/v2\/pages"}],"about":[{"href":"https:\/\/www.info.univ-tours.fr\/diblois\/wp-json\/wp\/v2\/types\/page"}],"author":[{"embeddable":true,"href":"https:\/\/www.info.univ-tours.fr\/diblois\/wp-json\/wp\/v2\/users\/3"}],"replies":[{"embeddable":true,"href":"https:\/\/www.info.univ-tours.fr\/diblois\/wp-json\/wp\/v2\/comments?post=1185"}],"version-history":[{"count":4,"href":"https:\/\/www.info.univ-tours.fr\/diblois\/wp-json\/wp\/v2\/pages\/1185\/revisions"}],"predecessor-version":[{"id":1885,"href":"https:\/\/www.info.univ-tours.fr\/diblois\/wp-json\/wp\/v2\/pages\/1185\/revisions\/1885"}],"wp:attachment":[{"href":"https:\/\/www.info.univ-tours.fr\/diblois\/wp-json\/wp\/v2\/media?parent=1185"}],"curies":[{"name":"wp","href":"https:\/\/api.w.org\/{rel}","templated":true}]}}